{"id":25,"date":"2018-01-03T20:46:44","date_gmt":"2018-01-03T18:46:44","guid":{"rendered":"http:\/\/burnout-hilfe-lehrer.de\/?page_id=25"},"modified":"2018-01-03T20:46:44","modified_gmt":"2018-01-03T18:46:44","slug":"leistungen","status":"publish","type":"page","link":"https:\/\/burnout-hilfe-lehrer.de\/?page_id=25","title":{"rendered":"Leistungen"},"content":{"rendered":"<p><strong>Was?<\/strong><br \/>\nPsychotherapie (HPG), pr\u00e4ventiv oder begleitend auch Beratung \/ Supervision \/ Coaching, tiefenpsychologisch fundiert nach hypno-systemischen, ressourcenorientierten Prinzipien; Einzel- und Gruppentherapie. M\u00f6glich ist auch eine ambulante Nachsorge nach Klinikaufenthalt.<\/p>\n<p><strong>F\u00fcr wen?<\/strong><br \/>\nF\u00fcr Menschen, die durch besonders starke berufliche Belastungen psychisch krank geworden sind, insbesondere in p\u00e4dagogischen Berufen (Lehrer, Erzieher, p\u00e4dagogische Fachkr\u00e4fte). Dabei kann es sich beispielsweise um<br \/>\n\u2022 akute und chronische Belastungsreaktionen,<br \/>\n\u2022 Ersch\u00f6pfungszust\u00e4nde und Burnout,<br \/>\n\u2022 Krisen bei Konflikten oder<br \/>\n\u2022 berufliche und pers\u00f6nliche Identit\u00e4ts- und Sinnkrisen handeln.<\/p>\n<p><strong>Welchen Nutzen?<\/strong><br \/>\nWiederherstellung und Erhalt Ihrer Gesundheit<br \/>\nIhre F\u00e4higkeiten und M\u00f6glichkeiten wieder zug\u00e4nglich machen, st\u00e4rken und erweitern, so dass es Ihnen wieder gelingt, den Berufsalltag professionell und kompetent zu meistern und dabei gesund zu bleiben.<br \/>\nSie kommen Ihrer Verantwortung f\u00fcr Ihre Aufgabe und f\u00fcr Ihre \u201eKunden\u201c nach: Gute Schulen brauchen gesunde Lehrkr\u00e4fte, gute Betreuungseinrichtungen brauchen gesunde P\u00e4dagogen und Erzieher!<\/p>\n<p><strong>Was ist besonders?<\/strong><br \/>\nDie Behandlung in der Therapie erfolgt zun\u00e4chst unabh\u00e4ngig von der Berufst\u00e4tigkeit nach hypno-systemischen, ressourcenorientierten Prinzipien. Die besonderen Schwierigkeiten und Belastungen p\u00e4dagogischer Berufe werden dann mit berufsspezifischen Instrumenten zus\u00e4tzlich diagnostiziert und behandelt. Allgemeine und berufsbezogene Aspekte werden zu einer individuellen Therapie kombiniert.<br \/>\nIn der Therapie werden alle Aspekte des Menschen einbezogen \u2013 K\u00f6rper und Geist, soziale Beziehungen und die berufliche Situation, Lebensziele und Sinnfragen. Als Patient gestalten Sie den Therapieprozess ma\u00dfgeblich mit. Gruppen- und Einzeltermine k\u00f6nnen sich erg\u00e4nzen.<br \/>\nDurch eigene schulische Lehr- und Beratungst\u00e4tigkeit sowie das Engagement in der APS bin ich mit den p\u00e4dagogischen Berufs- und Handlungsfeldern vertraut und kann aus dieser Erfahrung heraus individuell passende Angebote machen.<\/p>\n<p><strong>Therapie, Supervision oder Coaching?<\/strong><br \/>\nM\u00f6glicherweise fragen Sie sich, ob denn Therapie, Coaching oder Supervision das richtige f\u00fcr Sie w\u00e4ren. Viele Experten aus unterschiedlichen Fachrichtungen definieren diese Begriffe unterschiedlich, so dass Sie am besten immer nachfragen, was damit gemeint ist. Vieles von dem, was Sie auf dieser Seite lesen k\u00f6nnen, gilt f\u00fcr alle drei Arten der Zusammenarbeit. Und oftmals ergibt sich erst in der gemeinsamen Arbeit, welche dieser Richtungen den Schwerpunkt bildet.<\/p>\n<p>Eine Psychotherapie wird nur dann von Krankenkassen bzw. Beihilfe bezahlt, wenn eine konkrete Erkrankung diagnostiziert wird. Dies kl\u00e4ren wir am Anfang unsere Zusammenarbeit. Zur Pr\u00e4vention oder Nachsorge und zur pers\u00f6nlichen und professionellen Weiterentwicklung ist eine Unterst\u00fctzung im Rahmen von Coaching bzw. Supervision m\u00f6glich.<\/p>\n","protected":false},"excerpt":{"rendered":"<p>Was? Psychotherapie (HPG), pr\u00e4ventiv oder begleitend auch Beratung \/ Supervision \/ Coaching, tiefenpsychologisch fundiert nach hypno-systemischen, ressourcenorientierten Prinzipien; Einzel- und Gruppentherapie. M\u00f6glich ist auch eine ambulante Nachsorge nach Klinikaufenthalt. F\u00fcr wen? F\u00fcr Menschen, die durch besonders starke berufliche Belastungen psychisch krank geworden sind, insbesondere in p\u00e4dagogischen Berufen (Lehrer, Erzieher, p\u00e4dagogische Fachkr\u00e4fte). Dabei kann es sich [&hellip;]<\/p>\n","protected":false},"author":1,"featured_media":0,"parent":0,"menu_order":2,"comment_status":"closed","ping_status":"closed","template":"","meta":[],"_links":{"self":[{"href":"https:\/\/burnout-hilfe-lehrer.de\/index.php?rest_route=\/wp\/v2\/pages\/25"}],"collection":[{"href":"https:\/\/burnout-hilfe-lehrer.de\/index.php?rest_route=\/wp\/v2\/pages"}],"about":[{"href":"https:\/\/burnout-hilfe-lehrer.de\/index.php?rest_route=\/wp\/v2\/types\/page"}],"author":[{"embeddable":true,"href":"https:\/\/burnout-hilfe-lehrer.de\/index.php?rest_route=\/wp\/v2\/users\/1"}],"replies":[{"embeddable":true,"href":"https:\/\/burnout-hilfe-lehrer.de\/index.php?rest_route=%2Fwp%2Fv2%2Fcomments&post=25"}],"version-history":[{"count":1,"href":"https:\/\/burnout-hilfe-lehrer.de\/index.php?rest_route=\/wp\/v2\/pages\/25\/revisions"}],"predecessor-version":[{"id":26,"href":"https:\/\/burnout-hilfe-lehrer.de\/index.php?rest_route=\/wp\/v2\/pages\/25\/revisions\/26"}],"wp:attachment":[{"href":"https:\/\/burnout-hilfe-lehrer.de\/index.php?rest_route=%2Fwp%2Fv2%2Fmedia&parent=25"}],"curies":[{"name":"wp","href":"https:\/\/api.w.org\/{rel}","templated":true}]}}